alculate the remainder when d is divided by 7.
5
Let i(t) = -t**3 + 4*t**2. Let a be i(4). Suppose 2*o + c - 89 = 0, 3*c + 2*c + 25 = a. Calculate the remainder when o is divided by 12.
11
Let j = 301 - 265. Let f = 6 + 4. What is the remainder when j is divided by f?
6
Suppose 2*o - s = -5*s - 42, 3*s + 15 = 0. Let i = 13 - o. What is the remainder when 46 is divided by i?
22
Suppose -3*y + 26 + 94 = 0. What is the remainder when y is divided by 14?
12
Let q be (-64)/(-10) - 2/5. Let t(f) = f**2 - 6*f + 2. Let h be t(q). Let j(y) = y**3 + 3*y**2 - 2*y. What is the remainder when j(h) is divided by 6?
4
Let n be 35/3 - (-2)/6. Let j = 4 - 2. Suppose -3*k = -j*k - n. Calculate the remainder when 34 is divided by k.
10
Suppose -9 = -3*h, -5*c - 9 = 3*h - 53. Calculate the remainder when c is divided by 2 - 3 - (-10 - -6).
1
Let t = -109 + 123. What is the remainder when 67 is divided by t?
11
Let l = 4 + -2. Let f(z) = 4*z**2 + 8*z**l - 2*z**2 - 1. Calculate the remainder when 17 is divided by f(-1).
8
Suppose -y + 7 = -9. What is the remainder when 63 is divided by y?
15
Let m = 12 - 8. Suppose 45 = m*k - 15. Suppose -5*h + 100 = -45. What is the remainder when h is divided by k?
14
Let g(x) = -x**3 + 10*x**2 - 10*x + 8. Let a be g(9). Let b(t) = -10*t - 1. Calculate the remainder when 26 is divided by b(a).
8
Let u = -4 + 9. Suppose -g - u*m = 5, -3*g + 3*m + 22 = -35. Calculate the remainder when g is divided by 8.
7
Let i(n) = -n**2 - 9*n + 14. Let k be i(-10). Suppose 8*q - 3*q - 103 = -k*z, -5*q = 5*z - 135. Let u = -21 + z. What is the remainder when u is divided by 4?
3
Let h = -111 - -155. Let z = h + -19. Calculate the remainder when 48 is divided by z.
23
Suppose 5*u - 14 = 2*j, 4*j + 2*u = -3*u + 32. Suppose -j*g + 3*v = -27, 19 = 5*g + 3*v + 6. Calculate the remainder when 30*((-12)/g)/(-3) is divided by 13.
11
Suppose -2*j + 23 = -3. Calculate the remainder when 36 is divided by j.
10
Suppose -3*a + 2*a - 4*w = -178, 4*a + 5*w = 668. What is the remainder when a is divided by 55?
52
What is the remainder when (39/9)/(4/(-36))*-1 is divided by 20?
19
Suppose 6 = 2*j + 4*i, -2*j + 0*j + 6 = -i. Suppose 195 + 193 = 5*l - j*y, -383 = -5*l - 2*y. What is the remainder when l is divided by 20?
17
Let j = 12 - 10. Suppose 2*c + y - 81 = 0, 0 = 5*c - j*c - y - 124. Calculate the remainder when c is divided by 21.
20
Let m(k) = -k**2 + 13*k - 10. Let u(d) = d**2 - 7*d - 1. Let g be u(8). Suppose r + 4 = 3*r, 5*c + 3*r = 61. What is the remainder when m(g) is divided by c?
10
Let t(a) = a**3 - 5*a**2 + 3*a + 5. Suppose -3 + 11 = 2*x - 5*n, -3*x + 12 = 5*n. Let f = -26 - -27. What is the remainder when f is divided by t(x)?
0
Let p = -7 - -17. Suppose v + v = p. Let x(r) = 3*r**2 + r. What is the remainder when x(2) is divided by v?
4
Let k(l) = 16*l - 1. Let x = 51 + -9. What is the remainder when x is divided by k(1)?
12
Let c be 83 - ((-1 - 0) + 0). What is the remainder when 40 is divided by -3*(c/(-9))/2?
12
Let f(s) = -s**2 + 7*s + 6. Let o(w) = -2*w**3 - w**2 + w. Suppose -2*p - 6 = -2. What is the remainder when f(4) is divided by o(p)?
8
Suppose 2 + 8 = 2*x. What is the remainder when x/(-2)*66/(-15) is divided by 7?
4
Let r be (0/3)/(2/(-2)). Suppose r = -v + 5*v. Suppose -5*b + 50 = -v*b. Calculate the remainder when b is divided by 4.
2
Let j = 7 - -2. Suppose -93 = 4*u + 323. What is the remainder when u/6*j/(-6) is divided by 7?
5
Suppose x + 4*f = 96, -2*f = -x + f + 75. What is the remainder when x is divided by 22?
18
Let l(k) = -k + 1. Suppose n - 6 = -4*z, n + 5*z + 0 = 4. Calculate the remainder when n is divided by l(-7).
6
Let g = 8 - -4. What is the remainder when 21 is divided by g?
9
Suppose -21 = -6*u + 3*u. Calculate the remainder when 8 is divided by u.
1
Let l = 0 - 1. Let b be l/(1/2)*1. What is the remainder when 31 - (1 + (b - -1)) is divided by 16?
15
Let w(v) = -v**2 - 2*v + 10. Let s be w(-11). Let x = s + 127. What is the remainder when x is divided by (0 + 2)/((-4)/(-26))?
12
Let s(j) be the second derivative of -j**4/12 + j**3/2 + 2*j**2 - 2*j. Calculate the remainder when 11 is divided by s(3).
3
Let x = 41 - 39. Calculate the remainder when 10 is divided by x.
0
Let k = -83 - -98. What is the remainder when k is divided by 7?
1
Let z(k) = k + 9. Let f be z(-6). Suppose f*n = -15 + 54. What is the remainder when 36 is divided by n?
10
Suppose -8 = -v + 22. Let g be (-8 + 1)*16/(-56). Suppose -g*d + 5*d = v. Calculate the remainder when d is divided by 6.
4
Let z(p) = -23*p**3. Suppose 0 = 2*f - 6*f + 272. What is the remainder when f is divided by z(-1)?
22
Let r(q) = -q**3 + 2*q**2 + 5*q - 4. Let x be r(3). Let k = x - -13. Suppose 0 = 4*t + 20, 4*t + 81 = 3*w - 71. What is the remainder when w is divided by k?
14
Let i = 1 - 60. Let f = 235 - 133. Let r = f + i. Calculate the remainder when r is divided by 22.
21
Let d(o) = -4*o**3 - o**2 - o - 1. Suppose -a - 5*w + 7 = 3, w = -2*a - 1. Let b(s) = -5*s**3 + s + 1. Calculate the remainder when b(a) is divided by d(-1).
2
Let o(j) = j**3 - 5*j**2 - 4*j + 3. Let x be o(6). Let n = x - 4. Let a(f) = 2*f**2 - 5*f + 6. What is the remainder when a(5) is divided by n?
9
Let l(j) = 12*j - 2. Calculate the remainder when 28 is divided by l(1).
8
Suppose -5*v = 2 - 12. Suppose b = z + 5*b - 13, -4*z + 2*b = v. Let x = 2 + z. Calculate the remainder when 9 is divided by x.
0
Suppose 3*m - 4*m = -16. What is the remainder when 47 is divided by m?
15
Suppose 8 = -2*h + 4. Calculate the remainder when 13 is divided by 12/(5/h + 4).
5
Let m = 15 - 63. Let q = 107 + m. What is the remainder when q is divided by 15?
14
Let t(g) = g**2. Calculate the remainder when 61 is divided by t(-4).
13
Suppose 4*r + 6 - 2 = -2*q, 2*r = -6. Let m(h) = -5*h - 6 + 3*h - 2*h**2 + 3*h**2 + q*h. What is the remainder when 52 is divided by m(-6)?
16
Suppose 6*w - 15 = w. Calculate the remainder when 31 is divided by -16*2*w/(-12).
7
Suppose z - 4 = 13. Suppose -1 = -3*t + z. Suppose -4*u + u = -12. What is the remainder when t is divided by u?
2
Suppose 5 + 3 = 2*j. Let v be 3*(j/2 + -1). Calculate the remainder when v - 6 - 29*-1 is divided by 9.
8
Let t be 7/(-2)*(-4)/7. Suppose 5*i - f - 165 = 0, -i = 2*i + t*f - 112. What is the remainder when i is divided by 18?
16
Let b = 114 - 39. What is the remainder when b is divided by 13?
10
Suppose 2*t - 3 = -223. Let v = t - -189. Suppose 2*c + 34 = -5*o + v, -2*c + 21 = -3*o. What is the remainder when 43 is divided by c?
13
Calculate the remainder when (-1)/4 - ((-4155)/12)/5 is divided by 14.
13
Let k(y) = 9*y**2 - 4*y + 3. Let n(d) = -d**3 - 15*d**2 - 13*d + 16. Let c be n(-14). Calculate the remainder when k(c) is divided by 8.
7
Let z = 14 - -18. Let r = 2 - 3. Calculate the remainder when z is divided by 3*r/((-6)/22).
10
Let o(a) = 6*a - 18. Calculate the remainder when o(6) is divided by 11.
7
Suppose 3*n - 2*h - 46 = 53, -n + 44 = 3*h. What is the remainder when n is divided by 13?
9
Suppose -13 = -l + n, 3*l - 5*n = -0*l + 35. What is the remainder when (44/10)/(2/20) is divided by l?
14
Suppose -4 + 14 = 5*s. Let r(n) be the second derivative of n**4/2 + n**3/3 - n**2 + n. What is the remainder when r(s) is divided by 14?
12
Let u = 87 - 71. Calculate the remainder when 125 is divided by u.
13
Calculate the remainder when 113 + 3 + -3*2 is divided by (0/(-2))/(-4) + 28.
26
Let s(w) = 15*w**3. Let r(k) = -k + 2. Let c be r(7). Let z = -4 - c. Calculate the remainder when 29 is divided by s(z).
14
Let o = -64 + 98. Calculate the remainder when o is divided by 19.
15
Suppose 5 + 3 = 4*x. Suppose 5*p + 3*j + 0*j - 8 = 0, 0 = -p + 2*j - 1. Calculate the remainder when x is divided by p.
0
Let v = 30 + -55. Let f be ((-60)/v)/((-6)/(-80)). Suppose 5*r = -4*o + 61, -2*r - f = -3*o - 3*r. What is the remainder when 25 is divided by o?
7
Suppose v = 3*t - 58, -7*v + 5*v + 17 = t. Calculate the remainder when 47 is divided by t.
9
Let s = 1 + 6. Let t = 9 - -4. What is the remainder when t is divided by s?
6
Let l = -32 - -42. Calculate the remainder when 26 is divided by l.
6
Let o = -48 + 119. Calculate the remainder when o is divided by 24.
23
Suppose r - 8 = -3*r. Suppose 4*h - 3*p = 39, -2*h - 29 = -5*h + r*p. Calculate the rema